 -5*d = 2*r - 558736, 9*r - 1004786 - 1509379 = 2*d. Is r a composite number?
False
Let r be (-6597)/(-27) + (-2)/6. Let n = 87 - r. Is (10/(-15))/(2/n)*3 a prime number?
True
Let g(r) = 6*r**3 + 2*r**2 + 24*r - 13. Let j = -260 - -265. Is g(j) prime?
True
Is 190221/(63/9 - 4) composite?
True
Suppose 0 = o - 0*o + 5*g - 15, -7 = -o - g. Let i(l) = -l - 22*l - 1 + o + 0 + 2*l**2. Is i(-11) a composite number?
False
Suppose -4*l + 3*y = -193, -4*y = 10*l - 6*l - 228. Suppose 8 + l = 2*q - 3*z, 0 = -q + z + 28. Suppose -13*h + q*h = 12727. Is h a prime number?
False
Suppose -842970 = -5*b - 5*t, -8*b + 3*b + 842980 = 3*t. Is b composite?
False
Let l = -20239 - -46879. Suppose l = 5*k - 5*i, 0*k - 5*k + 26661 = 2*i. Suppose 8 = 2*c, 4*r = 2*c + 6473 + k. Is r a composite number?
False
Let a be (-8)/(-2) + (0 - 3) + 3. Suppose 3*w + 5*h = 3, 0*w + a*h = w - 18. Is w/15 - (-972)/20 composite?
True
Suppose 5*s = -4 + 14. Is (s - 0)*((-537)/(-2))/3 composite?
False
Suppose -3*a + 25 = 4*k, -k - a = -4*k + 9. Suppose 3*q - 2*t + 4*t = 13649, k*q + t = 18192. Is q a prime number?
True
Let t(d) = -18055*d + 277. Is t(-8) composite?
True
Is (0 - (-8 + -2))/2 - (2 - 476776) a prime number?
False
Let r = -351071 - -513460. Is r prime?
True
Let z(l) = 330*l + 13. Let y be z(15). Let i be 3/(-8) - y/(-8). Suppose -3*g - 4*x + 343 = -46, x - i = -5*g. Is g a prime number?
False
Let p(b) = -495*b + 24. Let z(i) = -9900*i + 473. Let w(o) = -99*p(o) + 5*z(o). Let y be 2/(-5)*(10 + 0). Is w(y) prime?
False
Let y be 7 + (48/6 - -7). Is ((-246455)/y)/((-2)/4) composite?
True
Let b(i) = 512009*i**2 + 114*i - 116. Is b(1) prime?
False
Let y(v) = -29*v**2 - 8*v - 31. Let p(u) = u - 2. Let a(k) = -p(k) - y(k). Is a(-7) composite?
True
Let p(n) = -40*n + 86. Let s be p(-6). Let c = s - 252. Is c a prime number?
False
Let g be 2/(28/1113)*(-2588)/(-6). Suppose 16102 = 7*m - g. Is m a composite number?
True
Is -4 - -203*(-18)/63*(-20247)/6 a prime number?
False
Let f = 43 + -39. Let x be 1194/f + 3 + (-20)/8. Suppose 303 = 3*g + 3*w, -3*g - 3*w = -w - x. Is g a composite number?
False
Let b(r) = -7*r**3 - 17*r**2 - 91*r - 24. Let t(n) = 7*n**3 + 18*n**2 + 92*n + 26. Let c(i) = 5*b(i) + 4*t(i). Is c(-7) prime?
True
Let l(t) = -t**2 - 31*t - 17. Let a(d) = -3*d**2 - 24*d + 5. Let y be a(-10). Let f = 43 + y. Is l(f) a prime number?
True
Let u(o) = 785*o + 9. Let a(d) = 392*d + 5. Let h(m) = 7*a(m) - 3*u(m). Is h(1) prime?
True
Suppose 27*q - 24011456 = -64*q + 27*q. Is q a prime number?
False
Suppose 9*z = 5*z + 1212. Suppose z + 37 = v - 5*q, -5*v - q = -1726. Suppose 2*k + 0*k - v = -5*r, 3*k - 350 = -5*r. Is r a prime number?
True
Let g(x) = -293*x + 1865. Is g(-12) prime?
True
Suppose -285 - 219 = -4*c. Let k = c + -123. Suppose -k*m + 585 = -744. Is m a composite number?
False
Let l(t) = 15*t**3 + 12*t**2 + t + 5. Let k(n) = 19*n**3 + 13*n**2 + n + 5. Let v(r) = -4*k(r) + 5*l(r). Let m = 13 - 7. Is v(m) a prime number?
True
Is ((-2 - -610542) + -2)*41/82 prime?
False
Let b be (8/(-14))/(8 - 339/42). Suppose -12*f + 3156 = -b*f. Is f composite?
True
Let a = -8 - -8. Suppose 2724 - 14192 = -5*m - 3*z, 3*m + 5*z - 6884 = a. Is m a prime number?
True
Let l(q) = -8*q**3 + 9*q**2 + 76*q + 208. Is l(-15) prime?
False
Let f(i) = 101*i**2 + 9*i - 111. Suppose 4*r = -0*r + 40. Is f(r) composite?
False
Let w(m) = -9571*m**3 + 3*m**2 + 8*m - 3. Is w(-2) a prime number?
True
Let f(w) = 365*w**2 - 15*w + 77. Let p(l) = -6*l**3 - 5*l**2 - 2*l + 2. Let r be p(-1). Is f(r) a prime number?
True
Suppose 0*z - 4*z = -28. Let s be 8*1 + (-110)/55 - (-3318 + 3). Suppose 298 = z*o - s. Is o composite?
True
Let m(w) = w + 3. Let q be m(2). Suppose -q*s - 14 = -3*j, -4*j + 5*s + 42 = 15. Suppose -104 = 9*n - j*n. Is n composite?
True
Let s = -51 + 51. Suppose s = -5*w + 15 - 0. Suppose -6*i + w*b + 1016 = -i, -5*i + 1018 = -4*b. Is i composite?
True
Let x be (-446908)/(-20) - (-3)/5. Let m = x - 15605. Suppose 15*i - 6*i = m. Is i composite?
True
Let u(c) = c**2 - 12*c - 30. Let o be u(-2). Let a(z) = 978*z**2 + 4*z + 3. Is a(o) prime?
True
Suppose -35163*w + 35178*w = 23580255. Is w prime?
True
Let d = -1085 + 1941. Let j(g) = -g**3 + 79*g**2 + 190*g - 97. Let q be j(81). Suppose -d = m - q. Is m composite?
True
Let f(q) be the second derivative of q**4/12 - 17*q**3/6 + 3*q**2/2 + q. Let a be (48/8)/(3/(-4) - 0). Is f(a) prime?
False
Suppose -z = -5*x + 134, 2*x = z - 2*x + 135. Let w = 139 + z. Suppose -2*t + 608 + 362 = w. Is t a prime number?
False
Suppose -6*g + 2192 = 590. Suppose z = -3*y + 12, -2 = 5*z - 3*y + 10. Suppose -3*q + 6*q - g = z. Is q a prime number?
True
Let d be (9 + -17)*74/(-8). Let a = d + -73. Is 248*a - 9*(-6)/18 a prime number?
True
Suppose 7*r = 3*r + 171188. Is r a composite number?
False
Let b = 4563 + -1230. Suppose 4*k - 3*o - 9 = 0, 3*k - o + 3*o = 28. Suppose k*a = b + 3189. Is a prime?
True
Let k(r) = -75*r - 16. Let h(s) = -376*s - 78. Let p(l) = 4*h(l) - 19*k(l). Let w(t) = -t**2 + t - 6. Let v be w(0). Is p(v) a composite number?
True
Suppose 4*o = 7516 - 1264. Suppose -94*f + 97*f = o. Is f a prime number?
True
Let x(s) = 2*s + 42. Let p be x(-20). Let g be (p/(-10))/((-2)/50). Suppose 8608 - 3393 = g*b. Is b a composite number?
True
Suppose -28*v = -42*v - 28. Is (44357 - 17) + 10/v composite?
True
Is 177728/6 + -1*11/33 a composite number?
True
Let z = 115658 + -12309. Is z a prime number?
True
Suppose 7*c + 60689 = o, 5*o + c - 390106 + 86661 = 0. Is o a composite number?
False
Suppose 30*d = 59*d - 12*d - 1940669. Is d composite?
False
Let k(q) be the first derivative of q**3 - q**2/2 + 7*q + 48. Is k(15) composite?
True
Let z be 4 - (-4)/(-2) - (-7 + 6). Let u(m) = 15*m**2 - 14*m - 13*m + 1374*m**3 - 1375*m**z + 10. Is u(12) prime?
False
Suppose 4*g = -2*y - 12, 5*y = 3*y - 5*g - 15. Suppose 8 = 3*x - x, a + 3*x - 16 = 0. Suppose y = -a*c + 444 + 296. Is c composite?
True
Suppose -5*m + m + 3804 = 0. Let o(k) = -2*k**3 - 19*k**2 - 12*k - 29. Let t be o(-11). Let z = m - t. Is z prime?
False
Is (30 - 508)/(1932/967 - 2) a composite number?
True
Let j(m) = -1523*m + 12. Let t = 178 + -179. Is j(t) a composite number?
True
Let q be (-3437)/2*(6/14 - 1). Let w = q - 447. Is w a prime number?
False
Let s be -3*(210/18 + -5) - -6. Is s + (-318682)/(-35) - (-1)/(-5) a composite number?
False
Let y = -173182 - -408455. Is y prime?
True
Suppose -20321 + 93424 = 20*y + 21*y. Is y a prime number?
True
Let y = 27933 + -8859. Suppose -23283 = -21*x + y. Is x composite?
False
Let c(d) = 37*d + 2. Let b(v) = 75*v + 3. Let s(a) = -6*b(a) + 13*c(a). Let h(m) = -m + 1. Let y(l) = -12*h(l) + 3*s(l). Is y(5) composite?
True
Suppose -6*a + 5 + 7 = 0. Suppose 0 = 5*x - m - 4834, -a*m - m - 964 = -x. Is x a composite number?
False
Let l be (-28)/49 + 16/28. Suppose 5*p - 4*s = -0*s + 6031, -5*p - s + 6036 = l. Is p composite?
True
Let h(v) be the second derivative of -19*v + 0 + 483/2*v**4 - 1/2*v**2 + 0*v**3. Is h(1) prime?
True
Let p = -735 + 1298. Suppose 951 = 5*q + 9*t - 7*t, -3*q = 5*t - p. Is q a prime number?
True
Suppose w + w - 16 = -4*o, 0 = -2*w - 4. Suppose 3*v = -p + 1721, -o*p + 4*p - v = -1711. Is p a prime number?
False
Suppose -9*g + 60 = -6*g. Let k(t) = -t**3 + 28*t**2 - 37*t + 43. Is k(g) prime?
True
Suppose -d + 5*h + 123 = 0, h + h = -5*d + 696. Let p = 5952 + -4105. Suppose d*b = 137*b + p. Is b composite?
False
Suppose 26*r = 18*r + 32. Suppose -5*q + 3429 + 8473 = u, u - r*q - 11875 = 0. Is u a prime number?
True
Let p = 75 - 66. Suppose -9650 = -p*q - 1757. Is q composite?
False
Let y be -5*(16/(-10))/(-2). Let a be (-1 - 0/2)*(y - -2). Suppose 0 = -l + 4*u + 47, 0 = -0*u + a*u + 2. Is l a prime number?
True
Suppose 0 = 2*a + 5*b - 4 + 32, -3*b = 5*a + 51. Let y be 1018 - a/(27/(-6)). Suppose 8*n + 0*n = y. Is n a composite number?
False
Is -3*(-1)/2*(161724/36 - -15) a prime number?
True
Let h(c) = 8485*c - 437. Let u be h(-9). Is (u/8)/((-81)/324) composite?
True
Suppose -35 = 5*r, 4*m + 107333 - 627373 = 4*r. Is m composite?
False
Let f(a) = 11*a - 8. Let m be f(2). Suppose -m*t - 5*i + 140 = -13*t, 4*t + 2*i = 470. Is t prime?
False
Is (-5)/15 - (-222544)/3 - 4 prime?
True
Let o be (-30)/9*(-21)/14. Suppose 4*n = 5*k + 33671, -n - 2*k = 